{"id":461,"date":"2015-04-25T08:46:33","date_gmt":"2015-04-25T06:46:33","guid":{"rendered":"http:\/\/milosierdzienagorki.pl\/?page_id=461"},"modified":"2021-09-23T19:31:20","modified_gmt":"2021-09-23T17:31:20","slug":"zywy-rozaniec","status":"publish","type":"page","link":"https:\/\/milosierdzienagorki.pl\/?page_id=461","title":{"rendered":"\u017bywy R\u00f3\u017caniec"},"content":{"rendered":"<aside class=\"article-aside clearfix\">\n<dl class=\"article-info  muted\">\n<dd class=\"published hasTooltip\" title=\"\" data-original-title=\"Opublikowano: \"><time datetime=\"2006-05-18T01:00:00+02:00\"> <\/time><\/dd>\n<\/dl>\n<\/aside>\n<section class=\"article-content clearfix\">\n<p class=\"just\" style=\"text-align: justify;\">&#8222;\u017bywy R\u00f3\u017caniec&#8221; jest zorganizowan\u0105 wsp\u00f3lnot\u0105 os\u00f3b, kt\u00f3re modl\u0105 si\u0119 codziennie na r\u00f3\u017ca\u0144cu. Organizacja ta odpowiada kszta\u0142towi samej modlitwy r\u00f3\u017ca\u0144cowej, kt\u00f3ra polega na rozwa\u017caniu 20 tajemnic z \u017cycia Jezusa i Maryi przy jednoczesnym odmawianiu przy ka\u017cdej tajemnicy jednego &#8222;Ojcze nasz&#8221; 10 &#8222;Zdrowa\u015b Maryjo&#8221; i jednego &#8222;Chwa\u0142a Ojcu&#8221;.<\/p>\n<p class=\"just\" style=\"text-align: justify;\">Ka\u017cda &#8222;\u017bywa R\u00f3\u017ca&#8221; sk\u0142ada si\u0119 z 20 os\u00f3b, a ka\u017cda z nich odmawia codziennie przynajmniej jedn\u0105 tajemnic\u0119 r\u00f3\u017ca\u0144ca. Koniecznie jednak t\u0119, kt\u00f3ra zostaje powierzona do rozwa\u017cania i odmawiania raz w miesi\u0105cu, przy &#8222;zmianie tajemnic&#8221;. Przy tej zmianie, co miesi\u0105c, wszystkim cz\u0142onkom przydziela si\u0119 nowe tajemnice do odmawiania, w taki jednak spos\u00f3b, aby w jednej &#8222;\u017bywej R\u00f3\u017cy&#8221; by\u0142y ka\u017cdego dnia odm\u00f3wione wszystkie tajemnice w sumie dwadzie\u015bcia. Tak wi\u0119c, nawet, gdy poszczeg\u00f3lni cz\u0142onkowie &#8222;\u017bywej R\u00f3\u017cy&#8221; odmawiaj\u0105 dziennie tylko jedn\u0105 tajemnic\u0119, to w ca\u0142ej R\u00f3\u017cy rozwa\u017cany jest ca\u0142y r\u00f3\u017caniec, czyli wszystkie cz\u0119\u015bci i tajemnice.<\/p>\n<p class=\"just\" style=\"text-align: justify;\">Bardzo istotne jest r\u00f3wnie\u017c to, \u017ce wszyscy cz\u0142onkowie R\u00f3\u017cy modl\u0105 si\u0119 w tej samej intencji, kt\u00f3ra jest r\u00f3wnie\u017c zmieniana co miesi\u0105c.<\/p>\n<p class=\"just\" style=\"text-align: justify;\">W naszej parafii Wsp\u00f3lnota \u017bywego R\u00f3\u017ca\u0144ca to pr\u0119\u017cna grupa os\u00f3b, kt\u00f3re \u017cywo anga\u017cuj\u0105 si\u0119 w \u017cycie parafii.<\/p>\n<p class=\"just\" style=\"text-align: justify;\">Ka\u017cdego miesi\u0105ca w pierwsze soboty Cz\u0142onkowie naszej Wsp\u00f3lnoty spotykaj\u0105 si\u0119 na Eucharystii i Adoracji Naj\u015bwi\u0119tszego Sakramentu.<\/p>\n<p class=\"just\" style=\"text-align: justify;\">Zapraszamy osoby ch\u0119tne do do\u0142\u0105czenia do naszej Wsp\u00f3lnoty.<\/p>\n<p>&nbsp;<\/p>\n<\/section>\n","protected":false},"excerpt":{"rendered":"<p>&#8222;\u017bywy R\u00f3\u017caniec&#8221; jest zorganizowan\u0105 wsp\u00f3lnot\u0105 os\u00f3b, kt\u00f3re modl\u0105 si\u0119 codziennie na r\u00f3\u017ca\u0144cu. Organizacja ta odpowiada kszta\u0142towi samej modlitwy r\u00f3\u017ca\u0144cowej, kt\u00f3ra polega na rozwa\u017caniu 20 tajemnic z \u017cycia Jezusa i Maryi przy jednoczesnym odmawianiu przy ka\u017cdej tajemnicy jednego &#8222;Ojcze nasz&#8221; 10 &#8222;Zdrowa\u015b Maryjo&#8221; i jednego &#8222;Chwa\u0142a Ojcu&#8221;. Ka\u017cda &#8222;\u017bywa R\u00f3\u017ca&#8221; sk\u0142ada si\u0119 z 20 os\u00f3b, a &#8230; <span class=\"more\"><a class=\"more-link\" href=\"https:\/\/milosierdzienagorki.pl\/?page_id=461\">Wi\u0119cej&#8230;<\/a><\/span><\/p>\n","protected":false},"author":4,"featured_media":0,"parent":0,"menu_order":0,"comment_status":"open","ping_status":"open","template":"","meta":[],"_links":{"self":[{"href":"https:\/\/milosierdzienagorki.pl\/index.php?rest_route=\/wp\/v2\/pages\/461"}],"collection":[{"href":"https:\/\/milosierdzienagorki.pl\/index.php?rest_route=\/wp\/v2\/pages"}],"about":[{"href":"https:\/\/milosierdzienagorki.pl\/index.php?rest_route=\/wp\/v2\/types\/page"}],"author":[{"embeddable":true,"href":"https:\/\/milosierdzienagorki.pl\/index.php?rest_route=\/wp\/v2\/users\/4"}],"replies":[{"embeddable":true,"href":"https:\/\/milosierdzienagorki.pl\/index.php?rest_route=%2Fwp%2Fv2%2Fcomments&post=461"}],"version-history":[{"count":3,"href":"https:\/\/milosierdzienagorki.pl\/index.php?rest_route=\/wp\/v2\/pages\/461\/revisions"}],"predecessor-version":[{"id":4112,"href":"https:\/\/milosierdzienagorki.pl\/index.php?rest_route=\/wp\/v2\/pages\/461\/revisions\/4112"}],"wp:attachment":[{"href":"https:\/\/milosierdzienagorki.pl\/index.php?rest_route=%2Fwp%2Fv2%2Fmedia&parent=461"}],"curies":[{"name":"wp","href":"https:\/\/api.w.org\/{rel}","templated":true}]}}