{"id":426,"date":"2015-04-25T08:35:29","date_gmt":"2015-04-25T06:35:29","guid":{"rendered":"http:\/\/milosierdzienagorki.pl\/?page_id=426"},"modified":"2020-04-18T22:03:20","modified_gmt":"2020-04-18T20:03:20","slug":"koronka-do-bozego-milosierdzia","status":"publish","type":"page","link":"https:\/\/milosierdzienagorki.pl\/?page_id=426","title":{"rendered":"Koronka do Bo\u017cego mi\u0142osierdzia"},"content":{"rendered":"<p style=\"text-align: center;\"><strong><span style=\"color: #800000;\">W NASZEJ PARAFII KORONKA DO BO\u017bEGO MI\u0141OSIERDZIA ODMAWIANA JEST CODZIENNIE O GODZ. 15.00. OD WIELU LAT W T\u0118 MODLITW\u0118 ANGA\u017bUJ\u0104 SI\u0118 PARAFIANIE. W PI\u0104TKI ODBYWA SI\u0118 NABO\u017bE\u0143STWO DO BO\u017bEGO MI\u0141OSIERDZIA O GODZ. 14.45.<\/span><\/strong><\/p>\n<p><strong><em>JAK ODMAWIA\u0106?<\/em><\/strong><\/p>\n<p><strong><em>\u00a0<\/em><\/strong><\/p>\n<p style=\"text-align: center;\"><strong><em>Na pocz\u0105tku:<\/em><\/strong><\/p>\n<p style=\"text-align: center;\"><em>Ojcze nasz\u2026Zdrowa\u015b Maryjo\u2026 Wierz\u0119 w Boga\u2026<\/em><\/p>\n<p style=\"text-align: center;\"><strong><em>\u00a0<\/em><\/strong><\/p>\n<p style=\"text-align: center;\"><strong><em>Na du\u017cych paciorkach (1raz)<\/em><\/strong><\/p>\n<p style=\"text-align: center;\"><em>Ojcze Przedwieczny, ofiaruj\u0119 Ci Cia\u0142o i Krew, Dusz\u0119 i B\u00f3stwo najmilszego Syna Twojego, a Pana naszego Jezusa Chrystusa, na przeb\u0142aganie za grzechy nasze i ca\u0142ego \u015bwiata.<\/em><\/p>\n<p style=\"text-align: center;\"><strong><em>\u00a0<\/em><\/strong><\/p>\n<p style=\"text-align: center;\"><strong><em>Na ma\u0142ych paciorkach (10 razy)<\/em><\/strong><\/p>\n<p style=\"text-align: center;\"><em>Dla Jego bolesnej m\u0119ki, miej mi\u0142osierdzie dla nas i ca\u0142ego \u015bwiata.<\/em><\/p>\n<p style=\"text-align: center;\"><em>\u00a0<\/em><\/p>\n<p style=\"text-align: center;\"><strong><em>Na zako\u0144czenie (po pi\u0119ciu dziesi\u0105tkach);<\/em><\/strong><\/p>\n<p style=\"text-align: center;\"><em>\u015awi\u0119ty Bo\u017ce, \u015awi\u0119ty Mocny, \u015awi\u0119ty Nie\u015bmiertelny, zmi\u0142uj si\u0119 nad nami i nad ca\u0142ym \u015bwiatem (3 razy)<\/em><\/p>\n<p style=\"text-align: center;\"><em>\u00a0<\/em><em>O Krwi i Wodo, kt\u00f3ra\u015b wytrysn\u0119\u0142a z Naj\u015bwi\u0119tszego Serca Jezusowego jako zdr\u00f3j mi\u0142osierdzia dla nas ufamy Tobie (3razy)<\/em><\/p>\n<p><strong><em>\u00a0<\/em><\/strong><\/p>\n<p><strong><em>\u00a0<\/em><\/strong><\/p>\n<p style=\"text-align: justify;\"><strong><em>TRE\u015a\u0106 I ZNACZENIE <\/em><\/strong><\/p>\n<p style=\"text-align: justify;\">W modlitwie Ojcze Przedwieczny, ofiaruj\u0119 Ci Cia\u0142o i Krew, Dusz\u0119 i B\u00f3stwo najmilszego Syna Twojego, a Pana naszego Jezusa Chrystusa, na przeb\u0142aganie za grzechy nasze i ca\u0142ego \u015bwiata, ofiarujemy Bogu Ojcu: \u201eCia\u0142o i Krew, Dusz\u0119 i B\u00f3stwo\u201d Jezusa Chrystusa, Syna Bo\u017cego, Jego Bosk\u0105 Osobwo\u015b\u0107 i Jego Cz\u0142owiecze\u0144stwo. Jednoczymy si\u0119 z ofiar\u0105 Jezusa z\u0142o\u017con\u0105 na krzy\u017cu dla zbawienia \u015bwiata.<\/p>\n<p style=\"text-align: justify;\">M\u00f3wi\u0105c s\u0142owa \u201eofiarujemy Ci najmilszego Syna Twojego\u201d, odwo\u0142ujemy si\u0119 do tej mi\u0142o\u015bci, jak\u0105 B\u00f3g Ojciec darzy swojego Syna, a przez Niego wszystkich ludzi, a wi\u0119c uciekamy si\u0119 do \u00a0najsilniejszego motywu, aby by\u0107 przez Boga wys\u0142uchanym.<\/p>\n<p style=\"text-align: justify;\">Na ma\u0142ych paciorkach koronki powtarzamy: \u201eDla Jego bolesnej m\u0119ki, miej mi\u0142osierdzie dla nas i ca\u0142ego \u015bwiata\u201d, co oznacza nie tylko odwo\u0142anie si\u0119 do zado\u015b\u0107uczynienia z\u0142o\u017conego przez Chrystusa za nasze grzechy, ile raczej \u2013 jak ka\u017ce wierno\u015b\u0107 duchowi tego nabo\u017ce\u0144stwa \u2013 odwo\u0142anie si\u0119 do mi\u0142o\u015bci mi\u0142osiernej Ojca i Syna, do tej mi\u0142o\u015bci, o kt\u00f3rej \u015bwiadczy m\u0119ka i \u015bmier\u0107 Chrystusa. Innymi s\u0142owy wo\u0142amy: tyle trudu, tyle m\u0119ki, niech nie b\u0119dzie daremne.<\/p>\n<p style=\"text-align: justify;\">Zgodnie z tekstem koronki i duchem nabo\u017ce\u0144stwa do Mi\u0142osiedzia Bo\u017cego trzeba prosi\u0107 o mi\u0142osierdzie \u201edla nas i ca\u0142ego \u015bwiata\u201d S\u0142owo \u201enas\u201d oznacza odmawiaj\u0105cego modlitw\u0119 i tych, za kt\u00f3rych pragnie si\u0119 lub jest si\u0119 zobowi\u0105zany modli\u0107. Natomiast \u201eca\u0142y \u015bwiat\u201d to wszyscy ludzie \u017cyj\u0105cy na ziemi i wszystkie dusze w czy\u015b\u0107cu cierpi\u0105ce. Tak modl\u0105c si\u0119 o \u201emi\u0142osierdzie dla nas i ca\u0142ego \u015bwiata\u201d wype\u0142niamy uczynek mi\u0142osierdzia, kt\u00f3ry jest nieodzownym warunkiem otrzymania mi\u0142osierdzia od Boga<a href=\"#_ftn1\" name=\"_ftnref1\">[1]<\/a>.<\/p>\n<p style=\"text-align: justify;\"><strong><em>\u00a0<\/em><\/strong><\/p>\n<p style=\"text-align: justify;\"><strong>OBIETNICE JEZUSA<\/strong><\/p>\n<p style=\"text-align: justify;\"><strong>\u00a0<\/strong><\/p>\n<p style=\"text-align: justify;\"><strong>Dz.687<\/strong> Ktokolwiek b\u0119dzie j\u0105 odmawia\u0142, dost\u0105pi wielkiego mi\u0142osierdzia w godzin\u0119 \u015bmierci. Kap\u0142ani b\u0119d\u0105 podawa\u0107 grzesznikom jako ostatni\u0105 desk\u0119 ratunku, chocia\u017cby by\u0142 grzesznik najzatwardzialszy, je\u017celi raz tylko zm\u00f3wi koronk\u0119, dost\u0105pi \u0142aski z niesko\u0144czonego mi\u0142osierdzia Mojego. Pragn\u0119, aby pozna\u0142 \u015bwiat ca\u0142y mi\u0142osierdzie Moje. Niepoj\u0119tych \u0142ask pragn\u0119 udziela\u0107 duszom, kt\u00f3re ufaj\u0105 Mojemu mi\u0142osierdziu.<\/p>\n<p style=\"text-align: justify;\"><strong>Dz.754 <\/strong>Dusze, kt\u00f3re odmawia\u0107 b\u0119d\u0105 t\u0119 koronk\u0119, mi\u0142osierdzie Moje ogarnie je w \u017cyciu, a szczeg\u00f3lnie w \u015bmierci godzinie<\/p>\n<p style=\"text-align: justify;\"><strong>Dz.811 <\/strong>Ka\u017cd\u0105 dusz\u0119 broni\u0119 w godzinie \u015bmierci, jako swej chwa\u0142y, kt\u00f3ra odmawia\u0107 b\u0119dzie t\u0119 koronk\u0119 albo przy konaj\u0105cym inni odm\u00f3wi\u0105 \u2013 jednak odpustu tego samego dost\u0119puj\u0105. Kiedy przy konaj\u0105cym odmawiaj\u0105 t\u0119 koronk\u0119, u\u015bmierza si\u0119 gniew Bo\u017cy, a mi\u0142osierdzie niezg\u0142\u0119bione ogarnia dusz\u0119, i porusz\u0105 si\u0119 wn\u0119trzno\u015bci mi\u0142osierdzia Mojego, dla bolesnej m\u0119ki Syna Mojego.<\/p>\n<p style=\"text-align: justify;\"><strong>Dz.1541 \u201e<\/strong>Gdy t\u0119 koronk\u0119 przy konaj\u0105cych odmawia\u0107 b\u0119d\u0105, stan\u0119 pomi\u0119dzy Ojcem a dusz\u0105 konaj\u0105c\u0105 nie jako s\u0119dzia sprawiedliwy, ale jako Zbawiciel mi\u0142osierny\u201d.<\/p>\n<p style=\"text-align: justify;\"><strong>Dz.1565 <\/strong>[\u2026] Kiedy przysz\u0142am do siebie zrozumia\u0142am, jak ta koronka jest wa\u017cna przy konaj\u0105cych, ona u\u015bmierza gniew Bo\u017cy.<\/p>\n<p style=\"text-align: justify;\"><strong>Dz.1731<\/strong> Dzi\u015b zbudzi\u0142a mnie wielka burza, wicher szala\u0142 i deszcz, jakoby chmura by\u0142a oberwana, co chwila uderza\u0142y pioruny. Zacz\u0119\u0142am si\u0119 modli\u0107, aby burza nie wyrz\u0105dzi\u0142a \u017cadnej szkody; wtem us\u0142ysza\u0142am te s\u0142owa: \u201eOdm\u00f3w t\u0119 koronk\u0119, kt\u00f3rej ci\u0119 nauczy\u0142em, a burza ustanie\u201d. Zaraz zacz\u0119\u0142am odmawia\u0107 t\u0119 koroneczk\u0119 i nawet jej nie sko\u0144czy\u0142am, a burza nagle usta\u0142a i us\u0142ysza\u0142am s\u0142owa: \u201ePrzez ni\u0105 uprosisz wszystko je\u017celi to, o co prosisz, b\u0119dzie zgodne z wol\u0105 Moj\u0105\u201d.<\/p>\n<p style=\"text-align: justify;\"><strong>Dz.929<\/strong> Przez odmawianie tej koronki \u2013 powiedzia\u0142 Jezus \u2013 zbli\u017casz ludzko\u015b\u0107 do Mnie.<\/p>\n<p style=\"text-align: justify;\"><a href=\"#_ftnref1\" name=\"_ftn1\">[1]<\/a>\u00a0J. Orchowski, \u015awi\u0119ta Siostra Faustyna i Bo\u017ce Mi\u0142osierdzie, Krak\u00f3w 2011.<\/p>\n","protected":false},"excerpt":{"rendered":"<p>W NASZEJ PARAFII KORONKA DO BO\u017bEGO MI\u0141OSIERDZIA ODMAWIANA JEST CODZIENNIE O GODZ. 15.00. OD WIELU LAT W T\u0118 MODLITW\u0118 ANGA\u017bUJ\u0104 SI\u0118 PARAFIANIE. W PI\u0104TKI ODBYWA SI\u0118 NABO\u017bE\u0143STWO DO BO\u017bEGO MI\u0141OSIERDZIA O GODZ. 14.45. JAK ODMAWIA\u0106? \u00a0 Na pocz\u0105tku: Ojcze nasz\u2026Zdrowa\u015b Maryjo\u2026 Wierz\u0119 w Boga\u2026 \u00a0 Na du\u017cych paciorkach (1raz) Ojcze Przedwieczny, ofiaruj\u0119 Ci Cia\u0142o i &#8230; <span class=\"more\"><a class=\"more-link\" href=\"https:\/\/milosierdzienagorki.pl\/?page_id=426\">Wi\u0119cej&#8230;<\/a><\/span><\/p>\n","protected":false},"author":4,"featured_media":0,"parent":0,"menu_order":0,"comment_status":"open","ping_status":"open","template":"","meta":[],"_links":{"self":[{"href":"https:\/\/milosierdzienagorki.pl\/index.php?rest_route=\/wp\/v2\/pages\/426"}],"collection":[{"href":"https:\/\/milosierdzienagorki.pl\/index.php?rest_route=\/wp\/v2\/pages"}],"about":[{"href":"https:\/\/milosierdzienagorki.pl\/index.php?rest_route=\/wp\/v2\/types\/page"}],"author":[{"embeddable":true,"href":"https:\/\/milosierdzienagorki.pl\/index.php?rest_route=\/wp\/v2\/users\/4"}],"replies":[{"embeddable":true,"href":"https:\/\/milosierdzienagorki.pl\/index.php?rest_route=%2Fwp%2Fv2%2Fcomments&post=426"}],"version-history":[{"count":11,"href":"https:\/\/milosierdzienagorki.pl\/index.php?rest_route=\/wp\/v2\/pages\/426\/revisions"}],"predecessor-version":[{"id":3678,"href":"https:\/\/milosierdzienagorki.pl\/index.php?rest_route=\/wp\/v2\/pages\/426\/revisions\/3678"}],"wp:attachment":[{"href":"https:\/\/milosierdzienagorki.pl\/index.php?rest_route=%2Fwp%2Fv2%2Fmedia&parent=426"}],"curies":[{"name":"wp","href":"https:\/\/api.w.org\/{rel}","templated":true}]}}