{"id":230,"date":"2015-04-22T19:15:25","date_gmt":"2015-04-22T17:15:25","guid":{"rendered":"http:\/\/milosierdzienagorki.pl\/?page_id=230"},"modified":"2023-06-12T11:17:19","modified_gmt":"2023-06-12T09:17:19","slug":"dane-kontaktowe","status":"publish","type":"page","link":"https:\/\/milosierdzienagorki.pl\/?page_id=230","title":{"rendered":"Dane kontaktowe"},"content":{"rendered":"<p><span style=\"color: #000080;\"><strong>Adres Parafii:<\/strong><\/span><\/p>\n<p>Sanktuarium Mi\u0142osierdzia Bo\u017cego<\/p>\n<p>ul. Barcza 2<\/p>\n<p>10-685 Olsztyn &#8211; Nag\u00f3rki<\/p>\n<p>&nbsp;<\/p>\n<p><span style=\"color: #000080;\"><strong>Kontakty:<\/strong><\/span><\/p>\n<p>Ks. Proboszcz\u00a0 89 542 85 58<\/p>\n<p>&nbsp;<\/p>\n<p><span style=\"color: #000080;\"><strong>Konto Bankowe Parafii<\/strong><\/span><\/p>\n<p>84 1240 1590 1111 0000 1452 4682<\/p>\n<p>Bank PKO SA w Olsztynie<\/p>\n<p>ul. 1-go Maja 10; 10-117 Olsztyn<\/p>\n","protected":false},"excerpt":{"rendered":"<p>Adres Parafii: Sanktuarium Mi\u0142osierdzia Bo\u017cego ul. Barcza 2 10-685 Olsztyn &#8211; Nag\u00f3rki &nbsp; Kontakty: Ks. Proboszcz\u00a0 89 542 85 58 &nbsp; Konto Bankowe Parafii 84 1240 1590 1111 0000 1452 4682 Bank PKO SA w Olsztynie ul. 1-go Maja 10; 10-117 Olsztyn<\/p>\n","protected":false},"author":4,"featured_media":0,"parent":0,"menu_order":0,"comment_status":"open","ping_status":"open","template":"","meta":[],"_links":{"self":[{"href":"https:\/\/milosierdzienagorki.pl\/index.php?rest_route=\/wp\/v2\/pages\/230"}],"collection":[{"href":"https:\/\/milosierdzienagorki.pl\/index.php?rest_route=\/wp\/v2\/pages"}],"about":[{"href":"https:\/\/milosierdzienagorki.pl\/index.php?rest_route=\/wp\/v2\/types\/page"}],"author":[{"embeddable":true,"href":"https:\/\/milosierdzienagorki.pl\/index.php?rest_route=\/wp\/v2\/users\/4"}],"replies":[{"embeddable":true,"href":"https:\/\/milosierdzienagorki.pl\/index.php?rest_route=%2Fwp%2Fv2%2Fcomments&post=230"}],"version-history":[{"count":9,"href":"https:\/\/milosierdzienagorki.pl\/index.php?rest_route=\/wp\/v2\/pages\/230\/revisions"}],"predecessor-version":[{"id":4760,"href":"https:\/\/milosierdzienagorki.pl\/index.php?rest_route=\/wp\/v2\/pages\/230\/revisions\/4760"}],"wp:attachment":[{"href":"https:\/\/milosierdzienagorki.pl\/index.php?rest_route=%2Fwp%2Fv2%2Fmedia&parent=230"}],"curies":[{"name":"wp","href":"https:\/\/api.w.org\/{rel}","templated":true}]}}